m(46)?
-64
Let j(b) = -3*b**3 - 10*b**2 + 19*b + 111. Give j(-4).
67
Let c(r) = -736*r + 23557. Determine c(32).
5
Let s(u) = 383*u - 24108. Determine s(63).
21
Let i(u) = -669*u + 66892. What is i(100)?
-8
Let m(j) = -j**3 - 97*j**2 - 627*j + 183. Give m(-90).
-87
Let d(t) = t**2 - 3. What is d(-2)?
1
Let s(g) = -18*g**2 - 18*g - 28. What is s(-3)?
-136
Let j(p) = -p**3 + 26*p**2 - 54*p + 187. What is j(24)?
43
Let b(x) = -x**2 + 249*x - 13147. Calculate b(76).
1
Let r(x) = -12*x**2 + 68*x + 19. Determine r(6).
-5
Let l(y) = -75*y + 577. Calculate l(8).
-23
Let y(g) = -84*g - 134. Calculate y(-2).
34
Let c(b) = -b**3 - 68*b**2 + 298*b - 42. Give c(4).
-2
Let g(v) = -81*v + 20. Calculate g(0).
20
Let k(n) = -11*n - 324. Calculate k(-33).
39
Let r(u) = 13940*u - 446086. What is r(32)?
-6
Let o(r) = -2*r**2 + 435*r - 6604. What is o(201)?
29
Let o(d) = -23*d**2 - 66*d - 13. Determine o(-4).
-117
Let x(h) = -5*h + 305. Calculate x(42).
95
Let r(v) = -v**3 + 28*v**2 - 34*v - 8. What is r(27)?
-197
Let o(q) = -10*q**2 - 83*q + 197. Give o(-11).
-100
Let m(f) = f**3 + 54*f**2 - 32*f + 1271. What is m(-55)?
6
Let x(d) = d**2 + 14*d - 92. What is x(-26)?
220
Let o(b) = -8*b - 2. Give o(-9).
70
Let l(z) = -369*z - 6285. Determine l(-17).
-12
Let f(z) = -z**3 + 6*z**2 - 9*z - 18. Calculate f(4).
-22
Let m(q) = -q**3 + 4*q**2 + 17*q - 55. Calculate m(8).
-175
Let t(n) = -1000*n + 4975. Determine t(5).
-25
Let d(q) = -2*q**2 - 35*q - 53. Determine d(-16).
-5
Let v(w) = -2803*w - 36445. What is v(-13)?
-6
Let s(y) = -16*y - 196. Give s(-22).
156
Let z(o) = 5*o**2 + 45*o - 145. Calculate z(3).
35
Let k(i) = 2*i**2 + 454*i - 7. Calculate k(0).
-7
Let o(y) = -y**3 - 20*y**2 + 549*y - 349. Calculate o(15).
11
Let i(x) = x**2 - 255*x + 1482. What is i(6)?
-12
Let y(f) = -3*f**2 + 58*f - 208. Determine y(13).
39
Let b(z) = 37*z - 59. Give b(2).
15
Let t(o) = -o**3 + 10*o**2 + 63*o + 54. Determine t(-1).
2
Let i(y) = 48*y**3 + 18*y**2 + 6*y + 5. What is i(-2)?
-319
Let o(r) = -8*r - 62. Give o(-7).
-6
Let h(t) = 465*t + 3274. Calculate h(-7).
19
Let g(o) = o**2 + 11*o - 248. What is g(0)?
-248
Let s(x) = -192*x + 410. Determine s(3).
-166
Let r(v) = -v**3 - 41*v**2 + 84*v - 127. What is r(-43)?
-41
Let c(t) = -t**2 + 10*t + 16. Calculate c(-8).
-128
Let m(g) = -g**3 + 10*g**2 + 18*g + 75. What is m(12)?
3
Let v(o) = o**3 - 22*o**2 + 44*o + 820. Calculate v(16).
-12
Let b(g) = 705*g - 4368. Give b(6).
-138
Let a(n) = 141*n - 52. Determine a(1).
89
Let y(g) = -429*g**2 + 2139*g + 17. Determine y(5).
-13
Let r(z) = 154*z - 4636. Give r(30).
-16
Let v(o) = -3055*o + 58049. Calculate v(19).
4
Let d(k) = -36*k + 3054. What is d(75)?
354
Let s(g) = -g**3 - 138*g**2 + 585*g + 2414. What is s(-142)?
0
Let w(h) = 2*h**2 - 2*h + 13. Give w(-3).
37
Let u(r) = -165*r + 11006. Determine u(67).
-49
Let c(v) = -2*v**3 + 14*v**2 + 43*v - 2. Calculate c(-4).
178
Let n(c) = c**2 - 183*c + 3902. Calculate n(27).
-310
Let x(g) = -8*g**3 + 12*g**2 + 49*g - 6. Give x(-3).
171
Let y(i) = 2*i**2 - 84*i + 284. Calculate y(38).
-20
Let h(j) = j**3 - 11*j**2 + 13. Calculate h(11).
13
Let b(o) = -o**3 - 31*o**2 - 175*o + 56. Calculate b(-8).
-16
Let d(h) = -h**2 - 14*h + 99. Give d(-19).
4
Let r(x) = 3*x**2 - 164*x + 997. Give r(7).
-4
Let f(l) = -5*l**2 + 172*l - 125. Determine f(33).
106
Let s(w) = 10*w + 512. Give s(-16).
352
Let l(o) = o**2 - 35*o + 43. Determine l(19).
-261
Let o(w) = -w**3 - 14*w**2 + 29*w - 124. What is o(-16)?
-76
Let t(g) = 5*g**2 + 243*g - 100. What is t(-49)?
-2
Let c(o) = -11*o - 150. Calculate c(-12).
-18
Let a(m) = -m**2 - 55*m + 501. What is a(-63)?
-3
Let b(l) = -70*l - 616. Give b(-7).
-126
Let i(b) = -353*b + 2468. What is i(7)?
-3
Let o(m) = -51*m - 777. Determine o(-12).
-165
Let u(k) = -5*k**3 - k**2 + 18*k + 20. Calculate u(-1).
6
Let l(a) = -a**3 + 12*a**2 - 32*a + 157. Determine l(10).
37
Let t(r) = -r**2 - 29*r + 10. What is t(-22)?
164
Let q(u) = -6*u**2 - 59*u - 37. Determine q(-12).
-193
Let z(b) = -4*b**2 + 11*b - 51. Determine z(6).
-129
Let l(z) = -8*z**3 - 7*z**2 + 7. What is l(-3)?
160
Let j(w) = -71*w + 6542. Determine j(92).
10
Let d(t) = 22*t - 10. Give d(8).
166
Let i(k) = -k**3 + 5*k**2 + 112*k - 642. Calculate i(6).
-6
Let i(m) = 4585*m + 4600. What is i(-1)?
15
Let x(l) = -l**3 + 19*l**2 - 8*l + 143. Give x(19).
-9
Let t(w) = w**3 - 11*w**2 + 18*w - 2. Determine t(9).
-2
Let a(b) = -4276*b + 59847. What is a(14)?
-17
Let r(v) = -2*v**3 - 21*v**2 + 6*v - 8. Determine r(-11).
47
Let x(y) = 37*y**2 - 262*y + 18. What is x(7)?
-3
Let y(i) = -i**3 + 29*i**2 - i + 23. Give y(29).
-6
Let k(a) = -3*a**2 - 95*a + 235. Give k(-33).
103
Let j(d) = 2*d**2 + 299*d + 593. Give j(-2).
3
Let h(c) = -3*c**3 - 388*c**2 - 131*c - 239. Determine h(-129).
19
Let o(y) = -17*y**2 - 11*y + 4. Calculate o(-5).
-366
Let y(v) = 98*v + 11037. What is y(-113)?
-37
Let t(n) = 2*n**3 - 5*n**2 + 36*n - 3. Determine t(5).
302
Let m(o) = 3*o**3 - 60*o**2 + 62*o - 93. What is m(19)?
2
Let g(h) = h**3 + 9*h**2 + 7*h - 42. Determine g(-6).
24
Let n(o) = 4*o**2 + 348*o - 13. Give n(-87).
-13
Let f(k) = 74*k - 592. Give f(8).
0
Let p(g) = g**3 - 6*g**2 + 113*g - 571. What is p(5)?
-31
Let k(x) = 80*x + 223. Give k(-6).
-257
Let a(g) = 10*g**2 - g - 59. What is a(9)?
742
Let l(h) = 12*h**3 + h**2 - 4*h - 2. What is l(-2)?
-86
Let t(k) = k**3 + 47*k**2 + 128*k - 29. Determine t(-44).
147
Let a(s) = 2*s**3 + 34*s**2 + 11*s - 75. Give a(-17).
-262
Let t(w) = -2*w**2 + 40*w + 606. Calculate t(-10).
6
Let y(m) = -231*m**2 - 1862*m - 116. Give y(-8).
-4
Let x(u) = 5*u**2 - 164*u + 553. What is x(29)?
2
Let n(p) = -11*p**2 - 30*p - 21. Determine n(-7).
-350
Let n(w) = w**3 - 5*w**2 + 12*w - 67. Calculate n(7).
115
Let n(g) = -6*g**2 - 163*g - 39. Give n(-27).
-12
Let k(o) = -41*o - 246. Determine k(-7).
41
Let r(t) = 16*t**2 - 10*t - 946. Determine r(8).
-2
Let v(j) = -132*j - 307. What is v(-7)?
617
Let p(s) = -s**2 - 155*s - 6122. Determine p(-86).
-188
Let d(j) = j**2 + 99*j - 107. Calculate d(-100).
-7
Let j(w) = -w**3 + 62*w + 7. Calculate j(0).
7
Let q(k) = -30*k - 337. Determine q(-13).
53
Let c(h) = -532*h + 2120. Determine c(5).
-540
Let k(d) = -157*d - 276. Calculate k(-4).
352
Let j(q) = -26*q - 138. Calculate j(-5).
-8
Let r(m) = m**2 - 173*m + 1021. What is r(6)?
19
Let y(r) = 118*r - 265. Calculate y(4).
207
Let h(i) = i**3 - 4*i**2 + 286*i - 1131. Determine h(4).
13
Let r(n) = 10*n**2 - 1549*n - 8153. What is r(160)?
7
Let v(d) = d**2 - 6*d - 106. What is v(14)?
6
Let h(x) = -157*x - 644. Calculate h(-6).
298
Let b(d) = -2*d**2 + 21*d - 12. What is b(-5)?
-167
Let b(j) = -j**3 + 7*j**2 + 158*j - 1263. What is b(9)?
-3
Let f(q) = 413*q - 85910. What is f(208)?
-6
Let a(u) = u**2 + 14*u - 227. What is a(-20)?
-107
Let z(y) = 173*y + 176. What is z(-1)?
3
Let j(w) = 10*w - 992. Calculate j(-9).
-1082
Let v(g) = -g**3 + 44*g**2 - 48*g + 96. What is v(43)?
-119
Let s(w) = 207*w**2 - 1236*w - 48. Give s(6).
-12
Let a(d) = 2*d**3 - 18*d**2 + 15*d - 9. Determine a(8).
-17
Let c(f) = -1596*f + 121304. Calculate c(76).
8
Let q(s) = -8*s**2 - 71*s + 1. Give q(-8).
57
Let n(w) = -7*w**2 - 901*w - 6549. Give n(-121).
-15
Let f(v) = -33*v + 495. Determine f(14).
33
Let z(f) = f + 7. Calculate z(-5).
2
Let x(d) = -d**3 - 18*d**2 - 70*d - 9. Give x(-8).
-89
Let h(t) = -4*t**3 + 4*t**2 - 3*t - 1. What is h(1)?
-4
Let p(m) = -3*m**2 + 62*m - 119. Calculate p(2).
-7
Let v(r) = 42*r - 1657. What is v(37)?
-103
Let m(v) = -2*v**3 - 5*v**2 - 4*v - 4. Determine m(2).
-48
Let j(n) = 74*n**2 + 588*n - 121. What is j(-8)?
-89
Let i(y) = -8*y - 85. Give i(-32).
171
Let c(d) = d**3 - 23*d**2 - 20*d - 164. Determine c(24).
-68
Let h(s) = -2*s**3 - 59*s**2 + 511*s + 15. What is h(7)?
15
Let m(n) = -n**3 + 11*n**2 + 70*n - 702. What is m(12)?
-6
Let p(y) = -4*y**2 - 60*y + 4. Give p(-15).
4
Let m(j) = 2*j**3 + 31*j**2 + 7*j + 53. Calculate m(-15).
173
Let y(o) = 5*o**3 - 9*o**2 - 30*o + 5. What is y(4)?
61
Let j(m) = 3*m**2 + 400*m - 2952. What is j(7)?
-5
Let j(d) = -2*d**2 + 92*d + 14787. What is j(112)?
3
Let d(j) = 140*j**3 + 2*j**2 + 115*j - 116. Calculate d(1).
141
Let z(k) = -k**3 + 29*k**2 + 95*k + 21. Give z(32).
-11
Let g(w) = 275*w + 6387. What is g(-23)?
62
Let u(t) = -t**3 - 15*t